 remainder when z is divided by 18?
1
Suppose l = 22 - 11. Suppose -7*x = -l*x - 8. Let u(z) = -2*z**3 + 3*z + 3. What is the remainder when 36 is divided by u(x)?
10
Let t = 89 + -77. What is the remainder when t is divided by 8?
4
Let i(k) be the third derivative of 1/3*k**3 - 8*k**2 + 0 + 5/12*k**4 + 0*k. What is the remainder when i(4) is divided by 11?
9
Suppose -4*g = -7*g + 6. Let n be 0 + (g - 1) + -141. Calculate the remainder when 2*(n/(-8))/7 is divided by 2.
1
What is the remainder when 52 is divided by -2 - -1 - (-11 - 0)?
2
Let l = -1 - -3. Let k = -175 + 178. Calculate the remainder when k is divided by l.
1
Suppose 25*q = q + 360. Let z(s) = -s**3 + 7*s**2 + 7*s + 10. What is the remainder when z(7) is divided by q?
14
Let g(j) = -j**3 + 1. Let c be g(1). Let l be (-7 - -16) + (c - 3). Suppose p + p = l. Calculate the remainder when p is divided by 3.
0
Suppose -3*n = 2*n - z - 761, 2*n - 3*z - 294 = 0. Let d = -87 + n. Suppose 3*i + 0*l = -l + 49, -i = l - 15. What is the remainder when d is divided by i?
15
What is the remainder when 142 is divided by (-13)/(7*13/(-273))?
25
Let r be ((-9)/6 + 1)*0. Let k be -1 - (r + -8 + 4). Suppose 0 = v - 75 + k. What is the remainder when v is divided by 25?
22
Suppose -11*s = -9*s - 12. Let k be ((-16)/(-20))/(4/10). Suppose 45 = 4*d - k*d + l, 4*l + 27 = d. Calculate the remainder when d is divided by s.
5
Suppose 4*z - 78 = 2*z. Suppose 8*j = 151 - 87. What is the remainder when z is divided by j?
7
Let c = 24 + -12. Suppose -5*k + 62 = -43. Suppose -2*h + 23 = -k. What is the remainder when h is divided by c?
10
What is the remainder when 22909/155 - (-4)/(-5) is divided by 11?
4
Let h = 159 - 132. Calculate the remainder when h is divided by 11.
5
Let m = -20 + -2. Let u = 22 + m. Suppose -2*t - 4*a + 7*a - 10 = 0, u = t - 4*a + 15. What is the remainder when 4 is divided by t?
0
Suppose -f - 25 = -5*n, 3*f - 4*f + 11 = n. Let a = 44 + -39. Suppose 0 = -a*g + 3*b + 55, b + 3 + 19 = 2*g. Calculate the remainder when g is divided by n.
5
Let k(g) = -g. Let i be k(-8). Suppose -116 = -i*o + 132. What is the remainder when o is divided by 12?
7
Let n(j) = -7*j - 1. Let r = -1196 + 1218. Calculate the remainder when n(-6) is divided by r.
19
Suppose 5*u + 2*c + 49 = 0, 2*u + c + 8 = 6*c. Let f be (-26)/6*4*u. Suppose -j + 3*j = f. Calculate the remainder when j is divided by 20.
18
Let h(v) = 3*v - 19. Let c be h(8). Suppose -5*s - 171 + 31 = -c*u, 2*u - 3*s - 60 = 0. Calculate the remainder when u is divided by 5.
4
Let s = -769 - -789. Calculate the remainder when 572 is divided by s.
12
Suppose 39*w = -s + 35*w + 20, -5*s = -4*w - 100. What is the remainder when 78 is divided by s?
18
Suppose 0 = v - 0*v + 4*d - 242, 1 = d. Let i = v + -160. What is the remainder when i is divided by 16?
14
Suppose -7*c - 1749 = -40*c. What is the remainder when c is divided by 27?
26
Suppose 0 = -5*d + 235 + 180. Suppose -4*n + 16 - d = -5*s, -85 = -5*s - 5*n. Let y = -43 + 71. Calculate the remainder when y is divided by s.
13
Let t(q) = q**3 + 5*q**2 - 43*q - 12. Calculate the remainder when t(-8) is divided by 47.
46
Suppose -5 = -5*t, t + t + 6 = 4*n. Let g be (-14)/1 + (n - 1). Let o = 1 - g. What is the remainder when o is divided by 8?
6
Suppose 1691*g + 6 = 1694*g. Calculate the remainder when 70 is divided by g.
0
Suppose -3*j + 3*k + 188 = 2*j, -3*j = -k - 112. Calculate the remainder when (-7 + 207/27)*(215 - -1) is divided by j.
33
Let v(z) = 4*z**2 - 3*z + 2. Let p be v(1). What is the remainder when 3 - -1 - p - -46 is divided by 166/10 - (-2 - 52/(-20))?
15
Suppose 38 = b - 4*g, -4*b - 91*g + 110 = -93*g. Let m(t) = 14*t - 9. What is the remainder when m(6) is divided by b?
23
Suppose -5*b + 7*b = -30. Let z be -3*(-2)/(-6)*b. Let c = 1 + z. What is the remainder when 28 is divided by c?
12
Let g(w) = 11*w + 18. Let s be g(-8). Let f = -46 - s. What is the remainder when 69 is divided by f?
21
Let z(c) = c**2 - c + 8. Let j be z(9). Calculate the remainder when j - -1 - (-4 + 6)*-1 is divided by 29.
25
Let y be 528/4*2/4. Suppose f = 4*f - y. What is the remainder when (-7 + 4)*29*-1 is divided by f?
21
Suppose -2*j - 2*j = -32. Calculate the remainder when (-2656)/(-120) - (-8)/(-60) is divided by j.
6
Let y(o) = 5*o - 1. Let v be y(2). Suppose v*n = 11*n - 34. Calculate the remainder when n is divided by 1 + (3 - -3) - 1.
5
Let k(h) = -h**2 - 8*h + 2. Let o be k(-8). Suppose 3*c - o*x + 51 = 0, 3*x - 7 = 2. Calculate the remainder when 48 is divided by -2*(c/2 - 1).
14
Let n(c) = 4*c**2 + 3*c - 1. What is the remainder when n(2) is divided by 2/3 - (-19)/((-285)/(-170))?
9
Let m = 105 - 108. Suppose 3*c - 6*c - 4*j + 62 = 0, -2*j - 32 = -2*c. Calculate the remainder when 14 is divided by (-13)/m + (-6)/c.
2
Suppose -5*i + 4*i + 4 = 0. Suppose 2*q - 5*x + 2 = 0, -i*x = 4*q + 15 - 67. Let z(o) = o**2 - o + 6. What is the remainder when z(5) is divided by q?
8
Let l = 46 - 39. Suppose -4*q = -2*i - 254, l*i - 5*i + 6 = 0. Let f = 17 - -5. What is the remainder when q is divided by f?
18
Let s(b) = 138*b**3 + 6*b**2 - 4*b. What is the remainder when s(1) is divided by 11?
8
Suppose 0 = 4*k - 4*u - 92, -5*k + 2*u = 3*u - 139. Calculate the remainder when -8*(-6)/24 - -76 is divided by k.
24
Let p be 7/(2*(-2)/4*1). Let o(n) = n**2 + 10*n + 30. What is the remainder when 52 is divided by o(p)?
7
Let y(h) = 22*h**2 + h - 1. What is the remainder when (158/14 + 1)*(-189)/(-54) is divided by y(1)?
21
Let c(q) = -5*q + 60. Let l = -115 + 124. Calculate the remainder when 53 is divided by c(l).
8
Let r(f) = -f**3 - 19*f**2 - 11*f - 180. What is the remainder when 1331 is divided by r(-19)?
26
Let r(v) = 5*v - 116. Let c = 111 - 58. What is the remainder when c is divided by r(26)?
11
Suppose -5*u - 49 = t, -5*u - 5*t - 34 - 31 = 0. Let x = 10 + u. What is the remainder when 14 is divided by 3 + x + 0/1?
2
Suppose 0 = -2*r - 3*r + 20. Suppose x + 2*x = -r*d + 67, x = -3. Suppose 0 = -16*o + 12*o + 20. What is the remainder when d is divided by o?
4
Let r = -736 - -781. What is the remainder when r is divided by 17?
11
Let p = 8 + -10. Let n be -7 + p + 6 - 1. Calculate the remainder when 57 is divided by -2 + (n - -2*13).
17
Let a be 2/6*3*26. Let i = a + -28. Calculate the remainder when 27 is divided by 15 + 4/(-2) - i.
12
Calculate the remainder when 121 is divided by 152/6 - (-19)/(-57).
21
Let w(y) = -37*y + 522. What is the remainder when w(-7) is divided by 16?
13
Suppose 5*d + 119 - 1394 = -5*b, -5*b = -4*d - 1203. Suppose -19 = -g + 6. What is the remainder when b is divided by g?
22
Let s(h) = -47*h**3 + h**2 + 3. What is the remainder when s(-2) is divided by 24?
23
Let g = -1 - -18. Suppose 5*h + 16 = 1. Let t = g + h. Calculate the remainder when 55 is divided by t.
13
Suppose -3*r + 146 = 4*l, -16 = 3*r + 2*l - 158. Let m = 50 - r. What is the remainder when 9 is divided by m?
1
Suppose -3 = o - 4*o. Let d(x) = 59*x**3 - 2*x**2 + 2*x - 1. Let g = -20 + 35. Calculate the remainder when d(o) is divided by g.
13
Let v(k) = k**3 + 5*k**2 + 4*k + 2. Let j be v(-4). Let n(s) = s**3 + 3*s + 0*s + 6*s**j - 4 + 6 + 0. What is the remainder when n(-4) is divided by 6?
4
Let l = 14 + 11. What is the remainder when 64 is divided by l?
14
Let f be (-6 + 4 - -1)*2*1. Suppose 12 = -c + z, 0*z + 2*z + 4 = 0. Calculate the remainder when 32 is divided by c/21*33/f.
10
Let v(g) = -3*g - 21. Let u be v(7). Let n = 119 + u. What is the remainder when n is divided by 20?
17
Let s(x) = -7*x - 24. Let r(k) = -k**2 + 9*k - 7. Calculate the remainder when s(-9) is divided by r(7).
4
What is the remainder when 15 is divided by -4 + 4/(0 + (-12)/(-18))?
1
Suppose 5*p = -4*z + 31 + 73, 37 = z + 4*p. Suppose -g - 2*g = -z. What is the remainder when 20 is divided by g?
6
Suppose -15 + 40 = 5*c. Suppose -10 = 10*u - c*u. What is the remainder when 4 is divided by u - (-3)/((-6)/(-10))?
1
Let l(r) = r + 12. Suppose 0 = -p - p. Suppose 5*o = -p*o + 55. What is the remainder when l(7) is divided by o?
8
Let z be (-1232)/(-24)*-1*6/(-4). Let v be (-2)/(-5) - (-28)/5. Suppose v*l = -l + z. Calculate the remainder when 43 is divided by l.
10
Let j = -9 - -23. Suppose 4*t - 25 = h, 0 = -3*t - h - 0*h + 17. What i